ommon factor of 2928112 and 400.
16
Calculate the greatest common divisor of 7285334 and 14.
14
Calculate the highest common divisor of 1313613 and 81.
9
What is the greatest common factor of 3507 and 4140264?
501
What is the highest common factor of 4465294 and 2071?
109
Calculate the greatest common divisor of 1798 and 1353879616.
1798
What is the greatest common divisor of 1705 and 71765?
155
What is the highest common factor of 256291415 and 1073?
1073
Calculate the highest common divisor of 178256 and 1803984.
208
Calculate the highest common factor of 102 and 3046179.
51
What is the highest common factor of 1037 and 6416939?
17
What is the greatest common divisor of 4421121 and 15394?
179
What is the highest common divisor of 76698 and 477?
9
Calculate the greatest common divisor of 418875840 and 288.
288
What is the greatest common divisor of 64 and 66506624?
64
What is the highest common divisor of 2448 and 57184?
16
What is the greatest common divisor of 490 and 119519134?
98
What is the greatest common divisor of 152614730 and 24830?
1910
What is the highest common factor of 5309717 and 119?
7
Calculate the highest common divisor of 48 and 870128.
16
Calculate the highest common factor of 15714601 and 35392.
553
Calculate the highest common divisor of 453 and 15971421.
453
Calculate the highest common divisor of 42207 and 9408324.
3837
Calculate the greatest common factor of 279 and 6234.
3
What is the highest common factor of 33825 and 41994975?
825
Calculate the greatest common divisor of 55705140 and 1490.
1490
Calculate the greatest common factor of 192901027 and 33.
11
Calculate the highest common factor of 298 and 84724231.
149
What is the highest common factor of 570 and 5537303?
19
What is the greatest common divisor of 15978 and 83626189?
2663
What is the highest common factor of 4259569 and 7137?
61
Calculate the highest common divisor of 4984 and 4539178.
1246
Calculate the greatest common divisor of 28125267 and 1194.
597
Calculate the greatest common divisor of 10119479 and 1022.
73
Calculate the greatest common divisor of 40777777 and 10490.
1049
What is the greatest common divisor of 1407822 and 174?
6
Calculate the highest common divisor of 49 and 9627667.
49
Calculate the highest common factor of 49 and 159450606.
49
What is the greatest common divisor of 64422 and 2484?
54
Calculate the highest common divisor of 350594982 and 36.
18
Calculate the greatest common divisor of 382713 and 868927.
2407
Calculate the highest common divisor of 76 and 6750586.
38
Calculate the highest common divisor of 63 and 19879923.
21
Calculate the greatest common factor of 168 and 11414664.
24
Calculate the highest common factor of 175170 and 670.
10
What is the highest common factor of 3986558 and 1758?
586
Calculate the highest common factor of 1189415 and 145.
5
What is the greatest common divisor of 130508 and 35146468?
2212
Calculate the greatest common divisor of 3250850 and 34.
2
Calculate the greatest common factor of 41175783 and 1221.
1221
Calculate the highest common factor of 700 and 7405600.
100
Calculate the highest common divisor of 6787 and 1182830.
11
What is the greatest common divisor of 12264327 and 48280?
1207
What is the greatest common factor of 6530353 and 8077?
197
What is the greatest common divisor of 9974553 and 38472?
687
Calculate the greatest common factor of 16368063 and 627.
57
Calculate the greatest common divisor of 338403 and 1443.
39
What is the greatest common factor of 468480 and 64?
64
What is the highest common factor of 811 and 57666155?
811
What is the highest common factor of 21196479 and 1903?
173
What is the greatest common divisor of 86 and 1159695380?
86
Calculate the highest common factor of 941212 and 40414.
334
What is the greatest common divisor of 4741 and 1843743?
11
Calculate the highest common divisor of 1054019397 and 2193.
2193
What is the greatest common factor of 850 and 3459466?
34
Calculate the highest common divisor of 7318425 and 1425.
75
Calculate the highest common factor of 117454206 and 6.
6
What is the greatest common factor of 132 and 913203324?
132
Calculate the highest common factor of 3428235 and 88131.
87
Calculate the greatest common divisor of 8829 and 222251.
109
Calculate the greatest common factor of 33187 and 185724.
77
What is the highest common factor of 2298 and 15094030?
766
What is the highest common factor of 440 and 344872?
88
What is the greatest common factor of 2083988 and 925?
37
What is the highest common divisor of 24730 and 241248569?
2473
What is the highest common divisor of 733 and 2451259751?
733
What is the highest common divisor of 1445 and 3298935?
1445
What is the greatest common factor of 106928 and 55048?
8
What is the highest common factor of 123 and 1761?
3
Calculate the highest common factor of 7290 and 133340.
10
Calculate the greatest common factor of 863643 and 58740.
33
What is the greatest common factor of 2001 and 89413512?
69
What is the highest common divisor of 3068 and 91082017?
767
Calculate the highest common divisor of 8823 and 56440731.
8823
What is the highest common divisor of 16 and 2835068?
4
What is the highest common factor of 270907 and 16224?
169
What is the highest common factor of 3963308 and 4396?
628
What is the greatest common divisor of 296 and 35944?
8
Calculate the greatest common divisor of 60 and 3789105.
15
Calculate the highest common divisor of 3088 and 96714616.
1544
What is the highest common divisor of 1430 and 2668952?
286
Calculate the greatest common factor of 1059044 and 19838.
1526
Calculate the greatest common divisor of 190 and 34747162.
38
Calculate the greatest common factor of 512 and 969536.
64
Calculate the greatest common factor of 13051 and 7.
1
Calculate the highest common factor of 67123 and 57061.
43
Calculate the greatest common divisor of 27579321 and 99.
99
What is the highest common factor of 2233984 and 1488?
496
Calculate the highest common factor of 491345883 and 4284.
1071
What is the highest common divisor of 17563 and 28574?
91
What is the greatest common divisor of 5328 and 54865968?
1776
Calculate the greatest common factor of 225 and 164449755.
45
Calculate the greatest common divisor of 1954 and 15848894.
1954
Calculate the greatest common factor of 9341142 and 1470668.
2182
What is the greatest common divisor of 4760060 and 80?
20
Calculate the highest common factor of 87440 and 52880.
80
Calculate the highest common factor of 26842857 and 61973.
2137
What is the highest common factor of 87015309 and 262?
131
Calculate the greatest common factor of 99 and 115705513.
11
Calculate the greatest common factor of 11009313 and 22533.
777
Calculate the highest common divisor of 92 and 819200.
4
What is the highest common divisor of 848901 and 11713?
53
What is the greatest common divisor of 30778 and 329318?
22
Calculate the highest common divisor of 110591864 and 32326.
4618
What is the greatest common divisor of 316 and 440149606?
158
Calculate the highest common factor of 20 and 3219785.
5
Calculate the greatest common divisor of 684735 and 15535.
1195
What is the greatest common divisor of 262128 and 947928?
3048
Calculate the highest common factor of 720 and 260220.
60
Calculate the greatest common factor of 336 and 529662.
42
Calculate the highest common divisor of 95700841 and 58.
29
What is the highest common factor of 616 and 2745400?
56
Calculate the greatest common factor of 603 and 338346.
9
What is the greatest common divisor of 190076 and 221728?
164
What is the highest common divisor of 40 and 107805120?
40
Calculate the highest common factor of 71246 and 24674380.
1454
What is the greatest common factor of 38164 and 289768?
116
What is the highest common factor of 9472 and 3478?
74
What is the highest common factor of 48852 and 641448?
2124
Calculate the highest common divisor of 70610 and 552.
46
What is the highest common divisor of 29007650 and 5025?
1675
Calculate the greatest common divisor of 107478 and 2534.
14
What is the highest common factor of 61183 and 2928760?
1003
Calculate the greatest common factor of 21 and 34391.
7
Calculate the greatest common divisor of 625220 and 9040.
20
Calculate the highest common divisor of 19350 and 652826.